59. What are the prime factors of h(-28)?
5
Suppose 3*g = 3*w + 78, 0 = -8*w + 9*w - 2. List the prime factors of g.
2, 7
What are the prime factors of 6*(-2)/(3 - 1)*-3?
2, 3
Suppose -p - 3*p = -96. Suppose -4*t + p = -3*t. List the prime factors of t.
2, 3
Let j(w) = w - 1. Suppose 3*c - 2*c - 2*d + 8 = 0, 8 = 2*c + 2*d. Let z be j(c). Let h = 4 + z. What are the prime factors of h?
3
Suppose 12 = -4*p, 183 = 5*k - 2*k - 4*p. Suppose 5*i + 6*d = 3*d + k, -3*i + 35 = d. What are the prime factors of i?
2, 3
Let v = -59 - -75. What are the prime factors of v?
2
Let v be 3/(9/24*-2). Let d(f) = 3 - 2 - f + 1. List the prime factors of d(v).
2, 3
Let i(f) be the second derivative of -f**3/6 + f**2 + 3*f. List the prime factors of i(-3).
5
Let g = 33 - 66. Suppose 2*y = -2 - 32. Let m = y - g. What are the prime factors of m?
2
Let f(x) = -x**3 - 6*x**2 - 3*x - 2. Let r be f(-6). Let y = 26 - r. List the prime factors of y.
2, 5
Let r = 7 - 2. Suppose 0*d = -d + 3*q + 49, d - r*q = 59. List the prime factors of d.
2, 17
List the prime factors of 6/(-10) + (21540/25)/6.
11, 13
Let j be (4/2 - 2)/(-2). Suppose -f - 4 = -j. List the prime factors of 114/15 - f/10.
2
Let l be (7/(-14))/(1/(-8)). List the prime factors of (2/l)/((-2)/(-168)).
2, 3, 7
Let v = 28 - 1. Let p = v + -10. List the prime factors of p.
17
Suppose -1140 = 4*k - 14*k. List the prime factors of k.
2, 3, 19
List the prime factors of (-4)/(-1)*(-135)/(-12).
3, 5
What are the prime factors of (-3*-4*2)/((-2)/(-8))?
2, 3
Suppose -4*z = -4, -209 = -2*l + 4*l + z. Let w be l/10 + 1/2. Let x = -5 - w. What are the prime factors of x?
5
Let u(i) = -2*i**3 + 2*i**2 + 3*i - 2. Let t = 5 - 3. Let l be u(t). What are the prime factors of (l/3 - -1)*-9?
3
Let q(b) = -2*b - 1. Let v(x) be the first derivative of x**2/2 - x + 2. Let t be v(-5). What are the prime factors of q(t)?
11
Suppose -3*z + 38 = -2*z. What are the prime factors of z?
2, 19
Suppose 2*s - 2 = -4*l + 2*l, 0 = 3*s + 9. Suppose -l*u + 12 = 0, -5*v + u + 10 = 3. List the prime factors of v.
2
List the prime factors of (3 + 1 + -3)*42.
2, 3, 7
Suppose -2*t = -5*w - 4, 0 = 2*w + 4*t + 2 - 10. Suppose w = -j - 4 - 0. What are the prime factors of j/1*(-6 - -5)?
2
Let z(p) = -p**2 - 3*p. Let l be z(-3). Let a(v) be the third derivative of v**5/60 + v**4/24 + v**3/2 - 13*v**2. What are the prime factors of a(l)?
3
Let k = -1 - -45. List the prime factors of k.
2, 11
Let r(x) = 2*x + 127. What are the prime factors of r(0)?
127
Let f(x) = 9*x**2 + 4*x + 5. List the prime factors of f(3).
2, 7
Let n = 12 - 7. Suppose -n*c + 5*w + 27 = -103, 4*c - 104 = 5*w. Let z = -10 + c. What are the prime factors of z?
2
Let h be (-25)/15 + (-4)/(-6). Let m(p) = p. Let s be m(h). What are the prime factors of s/2 - (-28)/8?
3
Suppose 4*d + 43 = 4*j - d, 2*j + 4*d = 28. What are the prime factors of j + -9 - (-2 - 43)?
2, 3
Let i = 2 + -1. Suppose 377 = 7*y - 71. Suppose 5*k - i = y. List the prime factors of k.
13
Let j be (-4)/(-2 + (-27)/(-12)). Suppose 32 = -2*b - 26. Let q = j - b. What are the prime factors of q?
13
List the prime factors of (-3 - 0)/(20/(-380)).
3, 19
Let t(l) = -5*l**3 - l**2 - 2 + 2 + 0. Let y = 3 + -4. List the prime factors of t(y).
2
Suppose z - g - 2 = 2, -4*z = -5*g - 16. List the prime factors of (2 - z)/((-10)/45).
3
Suppose 0 = -2*g + f - 21, 5*f + 45 = -4*g - g. List the prime factors of g/55 + 365/11.
3, 11
Let x(c) = 2*c**3 + 16*c**2 - 10*c - 5. What are the prime factors of x(-8)?
3, 5
Suppose -5*d = -3*h + 125, 5*h - 135 = 4*d + d. Let l = d + 38. Suppose 4*b = t + 42, 0*b = b - 3*t - l. What are the prime factors of b?
2, 5
Let b = -59 + 102. List the prime factors of b.
43
Let i(h) = -h**3 + 2*h**2 + 2*h - 2. Let s = -8 + 8. Suppose s = 4*j + j - 10. What are the prime factors of i(j)?
2
Suppose g + 4*l + 12 = 5*g, -5*g + 20 = -4*l. Let r(s) = -s**3 + 9*s**2 - 4*s - 10. What are the prime factors of r(g)?
2, 11
Let z(o) = -2*o + 1. Let p be z(-2). Suppose 5 + p = -5*k, 133 = 5*n + k. What are the prime factors of n?
3
Let g = -12 - -17. Let s(y) = -y**2 + 6*y - 1. List the prime factors of s(g).
2
Suppose t = 5*g + 45, 5*t + 3*g = g + 360. What are the prime factors of t?
2, 5, 7
Let r(a) = a**3 + 3*a**2 - 2*a. Let q be r(-4). Let l = q - -11. Suppose -y = -l + 1. List the prime factors of y.
2
Suppose -3*d = i - 0*i - 127, -i = 2*d - 85. List the prime factors of d.
2, 3, 7
Let n(s) = 18*s**3 - s**2 - s + 1. Let f(o) = -o**2 - 8*o - 6. Let u be f(-7). What are the prime factors of n(u)?
17
Let h = 676 + -396. List the prime factors of h.
2, 5, 7
Let n(m) = m - 6. Let r be n(0). Let u = 6 - r. List the prime factors of u.
2, 3
List the prime factors of 10/(-15)*279/(-2).
3, 31
What are the prime factors of ((-3)/7 + (-3)/42)*-6?
3
Let c = 71 + -46. List the prime factors of c.
5
Suppose 0 = 4*x - 3*x - 53. List the prime factors of x.
53
Let g(k) = k + 6. Let l be 105/20 + (-1)/4. List the prime factors of g(l).
11
Let d(c) = c**3 + 7*c**2 + 6*c + 3. Let i be d(-6). Let j = -55 - -79. Suppose k = i*k - j. List the prime factors of k.
2, 3
Let t be (-21)/(-27) - 2/(-9). Suppose -45 + t = -2*v + 4*j, -5*v = j - 77. What are the prime factors of v?
2
List the prime factors of (186/(-2))/((-21)/14).
2, 31
Let r be 11 + -2 - 2/1. Let w = 0 - -4. Let s = r - w. What are the prime factors of s?
3
Let z = 39 - -51. What are the prime factors of z?
2, 3, 5
Let k(l) = 5*l**2 + 7*l + 4 + l**2 - 12*l. What are the prime factors of k(2)?
2, 3
Suppose -13 + 85 = k - 5*x, -2*x = 2. What are the prime factors of k?
67
Let z = 3 + -135. Let n be z/9*-1*3. Suppose 5*s - n = s. List the prime factors of s.
11
Let y = -2 + 0. What are the prime factors of (150/(-3))/(y*1)?
5
Let d(r) be the first derivative of -r**2/2 + r + 1. What are the prime factors of d(-4)?
5
Suppose 5*r + 0*r - 1050 = 0. Suppose -5*w + y + r = 0, 0 = 5*w - 4*y - 90 - 105. Suppose -k - 1 = 0, -5*t + 3*k - 5 + w = 0. What are the prime factors of t?
7
Let f = -58 - -70. List the prime factors of f.
2, 3
Suppose 0 = -5*d - h - 104, -5*d = -5*h + 43 + 67. Let j(p) = -p**3 - p**2 - p. Let c be j(2). Let g = c - d. What are the prime factors of g?
7
Let y = -2 - -5. Suppose 50 + 7 = y*t. What are the prime factors of t?
19
Let v(j) = -8*j + 8. Let c be v(-8). Suppose 5*w - c = -w. What are the prime factors of w?
2, 3
Suppose 0 = -3*s - 3 - 9. Let n = s - -2. Let x = 5 + n. What are the prime factors of x?
3
Let x(n) = 2*n + 8. Let j be x(4). What are the prime factors of (-1)/(-4) + 300/j?
19
Let z be (3/3 + 0)*-105. Let t = -75 - z. What are the prime factors of t?
2, 3, 5
Let o = -5 - -3. Let n(t) = t**3 + t**2 - t + 2. Let w be n(o). Suppose w = -q + 6*q - 30. List the prime factors of q.
2, 3
What are the prime factors of 3/(-18) - 878/(-12)?
73
Let d = 15 + -11. Suppose 5*o + 26 = -3*s, d*o - 6*s + 6 = -s. Let r = o + 11. What are the prime factors of r?
7
Let b be -1 - -2 - 2/2. Let r = b - 0. Suppose r*n + n - 4 = 0. List the prime factors of n.
2
Let r be (-3 + 1 + 5)*1. Suppose 14 = s + 5*x - 9, -52 = -r*s + 2*x. Suppose -s = -m - 0*m. What are the prime factors of m?
2, 3
Suppose -r = -4*d + 2*d - 1, -4*r = -4. Suppose 4*i - 5*c - 49 = d, i - c + 2*c = 1. List the prime factors of i.
2, 3
Suppose 120 = -3*g + 6*g. Let j = g - 16. List the prime factors of j.
2, 3
Let u(m) = -m**3 + m**2 + 3*m + 2. Let o be -1 + 3*(-8)/(-6). Suppose -4*g + o*w - 7*w = -8, g + 5*w = 18. List the prime factors of u(g).
2
Let k(f) be the first derivative of -f**3/3 - 7*f**2/2 + 4*f + 2. Let x be k(-7). Suppose 3*c - 3 = -3*n, -x*c + 2 = 5*n - 0. What are the prime factors of c?
3
Let b = 123 - 52. Suppose 0 = 4*g + 5*r - 96, 0*g - 4*r = 3*g - b. List the prime factors of g.
29
Suppose -5*s + 0 = -10. Suppose 4*w - s - 4 = -3*o, -3*o = 6. List the prime factors of w.
3
List the prime factors of (213/(-2))/((-6)/4).
71
Suppose -5*t = 4*s - 423, 4*s - 100 = -t - 9. What are the prime factors of t?
83
Let j(r) = r. Let c be j(1). What are the prime factors of (12/15)/(c/5)?
2
Let x(v) = v**3 + 12*v**2 + 7. Let a be -5*11/(110/24). What are the prime factors of x(a)?
7
What are the prime factors of 5 - 5 - (0 - -53)*-2?
2, 53
Let v(h) = h**3 - 4*h**2 + h - 2. Let y be